{"id":730,"date":"2018-01-21T21:56:21","date_gmt":"2018-01-21T20:56:21","guid":{"rendered":"http:\/\/www.walldorf-gospel-singers.de\/?page_id=730"},"modified":"2019-02-23T21:31:39","modified_gmt":"2019-02-23T20:31:39","slug":"auftritte-2018","status":"publish","type":"page","link":"https:\/\/www.walldorf-gospel-singers.de\/index.php\/auftritte\/auftritte-2018\/","title":{"rendered":"Auftritte 2018"},"content":{"rendered":"<h3 id=\"A20181225\">25. Dezember 2018 Weihnachtsgottesdienst<\/h3>\n<p>Um 10:00 in der evangelischen Kirche Walldorf<\/p>\n<p><strong>Songs<\/strong><\/p>\n<ul>\n<li>Stern \u00fcber Bethlehem (Alfred Hans Zoller, Arr.: Bernhard Gr\u00f6ne)<\/li>\n<li>Calypso Gloria (trad., Arr. Doreen Rao))<\/li>\n<li>Jesus, Oh what a wonderful child (trad., Arr.: Bernhard Gr\u00f6ne)<\/li>\n<li>Komm sag es allen weiter (M: trad., T: F. Walz, Arr.: Bernhard Gr\u00f6ne)<\/li>\n<li>Child in the Manger (trad. (Schottland) \/ Arr.: Bernhard Gr\u00f6ne, Werner Gabrisch)<\/li>\n<li>Hallelujah (Leonhard Cohen, Arr.: Bernhard Gr\u00f6ne)<\/li>\n<li>Changed by a Baby Boy (Benjamin + Gloria Gaither, Arr.: Bernhard Gr\u00f6ne)<\/li>\n<li>The Rose (Amanda McBroom, Arr.: Bernhard Gr\u00f6ne)<\/li>\n<li>Mary did you know? (T: Mark Lowry, M: Buddy Greene, Arr.: Pentatonix, Bernhard Gr\u00f6ne)<\/li>\n<li>Stille Nacht (trad., Arr.: Bernhard Gr\u00f6ne)<\/li>\n<li>Mary\u2019s Boy Child (Jester Hairston \/ Arr.: Bernhard Gr\u00f6ne)<\/li>\n<li>Winter Wonderland (M: Felix Bernard, T: Dick Smith \/ Arr.: Bernhard Gr\u00f6ne)<\/li>\n<\/ul>\n<p><strong>Musiker<\/strong>:\u00a0 Felicitas Fischer von Weikersthal (Querfl\u00f6te),\u00a0 Bernhard Gr\u00f6ne (Leitung, akust. Gitarre)<\/p>\n<p><strong>Solisten<\/strong>: Mairead Wolf, Stefan Resag, Susanne Schott, Bernhard Gr\u00f6ne<\/p>\n<h3 id=\"A20181201\">1. Dezember 2018 Benefizkonzert<\/h3>\n<p>Um 19:30 in der evangelischen Kirche Walldorf<\/p>\n<figure id=\"attachment_794\" aria-describedby=\"caption-attachment-794\" style=\"width: 212px\" class=\"wp-caption alignright\"><a href=\"http:\/\/www.walldorf-gospel-singers.de\/wgs-content\/uploads\/Plakat-mitLogo1.jpg\"><img loading=\"lazy\" decoding=\"async\" class=\"size-medium wp-image-794\" src=\"http:\/\/www.walldorf-gospel-singers.de\/wgs-content\/uploads\/Plakat-mitLogo1-212x300.jpg\" alt=\"\" width=\"212\" height=\"300\" srcset=\"https:\/\/www.walldorf-gospel-singers.de\/wgs-content\/uploads\/Plakat-mitLogo1-212x300.jpg 212w, https:\/\/www.walldorf-gospel-singers.de\/wgs-content\/uploads\/Plakat-mitLogo1-106x150.jpg 106w, https:\/\/www.walldorf-gospel-singers.de\/wgs-content\/uploads\/Plakat-mitLogo1-768x1086.jpg 768w, https:\/\/www.walldorf-gospel-singers.de\/wgs-content\/uploads\/Plakat-mitLogo1-724x1024.jpg 724w, https:\/\/www.walldorf-gospel-singers.de\/wgs-content\/uploads\/Plakat-mitLogo1.jpg 794w\" sizes=\"auto, (max-width: 212px) 100vw, 212px\" \/><\/a><figcaption id=\"caption-attachment-794\" class=\"wp-caption-text\">Plakat zum Benefizkonzert am 1.12.2018<\/figcaption><\/figure>\n<p><a href=\"https:\/\/www.youtube.com\/watch?v=IC-7c5pzsBs&amp;list=PLmlAJkxxtPG_Jy3QfwLOW98FV-mlq3B-N\"><strong>Songs<\/strong><\/a><\/p>\n<ul>\n<li><a href=\"https:\/\/youtu.be\/IC-7c5pzsBs\">Mangisondele<\/a> (trad.)<\/li>\n<li><a href=\"https:\/\/youtu.be\/W2UIFY0iAz4\">Jesus, Oh what a wonderful child<\/a> (trad., Arr.: Bernhard Gr\u00f6ne)<\/li>\n<li><a href=\"https:\/\/youtu.be\/LPbkGJeoH_A\">Come into his presence<\/a> (Helmut Jost)<\/li>\n<li><a href=\"https:\/\/youtu.be\/_GwJb_4M5ws\">Child in the Manger<\/a> (trad. (Schottland) \/ Arr.: Bernhard Gr\u00f6ne, Werner Gabrisch)<\/li>\n<li><a href=\"https:\/\/youtu.be\/r9xfRoNRp1M\">Calypso Gloria<\/a> (trad., Arr. Doreen Rao))<\/li>\n<li><a href=\"https:\/\/youtu.be\/AZ9krDmrqug\">Rhythm of Life<\/a> (York Sommer)<\/li>\n<li><a href=\"https:\/\/youtu.be\/d4Sz2HyC7Xo\">Hallelujah<\/a> (Leonhard Cohen, Arr.: Bernhard Gr\u00f6ne)<\/li>\n<li><a href=\"https:\/\/youtu.be\/PUlryVA5HcY\">Changed by a Baby Boy<\/a> (Benjamin + Gloria Gaither, Arr.: Bernhard Gr\u00f6ne)<\/li>\n<li><a href=\"https:\/\/youtu.be\/RQHGbo8iCpw\">Heilig, Heilig bist Du<\/a> (Klaus Lohrb\u00e4cher, Arr.: Bernhard Gr\u00f6ne)<\/li>\n<li><a href=\"https:\/\/youtu.be\/G_Tdc4D9SGE\">The Rose<\/a> (Amanda McBroom, Arr.: Bernhard Gr\u00f6ne)<\/li>\n<li><a href=\"https:\/\/youtu.be\/pHP_GpUsgnY\">Mary\u2019s Boy Child<\/a> (Jester Hairston \/ Arr.: Bernhard Gr\u00f6ne)<\/li>\n<li><a href=\"https:\/\/youtu.be\/3efzFlymgbA\">People Get Ready<\/a> (Curtis Mayfield, Arr.: Bernhard Gr\u00f6ne)<\/li>\n<li><a href=\"https:\/\/youtu.be\/8HRRBawOZrs\">In Christ Alone<\/a> (Keith Getty, Stuart Townend \/ Arr.: Bernhard Gr\u00f6ne)<\/li>\n<li><a href=\"https:\/\/youtu.be\/tE61rxkvAOo\">My Sweet Lord<\/a> (George Harrison, Arr.: Bernhard Gr\u00f6ne)<\/li>\n<li><a href=\"https:\/\/youtu.be\/TJAza-gy95Y\">Lean on me<\/a> (Bill Withers, Arr.: Bernhard Gr\u00f6ne)<\/li>\n<li><a href=\"https:\/\/youtu.be\/2kRyPjr9pJw\">Mary did you know?<\/a> (T: Mark Lowry, M: Buddy Greene, Arr.: Pentatonix, Bernhard Gr\u00f6ne)<\/li>\n<li><a href=\"https:\/\/youtu.be\/I6szyNfnr1Y\">Santa Claus is coming to town<\/a> (M: John Frederick Coots, T: Haven Gillespie)<\/li>\n<li><a href=\"https:\/\/youtu.be\/wFUxQqipn2c\">Winter Wonderland<\/a> (M: Felix Bernard, T: Dick Smith \/ Arr.: Bernhard Gr\u00f6ne)<\/li>\n<li><a href=\"https:\/\/youtu.be\/LkS5bOpglik\">Siyahamba<\/a> (Trad., Arr.: Doreen Rao)<\/li>\n<\/ul>\n<p><strong>Musiker<\/strong>: Anette Olsson (Piano), Torsten Bachmann (Schlagzeug), Stefan Resag (E-Gitarre), Felicitas Fischer von Weikersthal (Querfl\u00f6te), Heiner Gehbauer (Saxophon), Bernhard Gr\u00f6ne (Leitung, akust. Gitarre)<\/p>\n<p><strong>Solisten<\/strong>: Katharina Fecht, Mairead Wolf, Stefan Resag, Susanne Schott, Bernhard Gr\u00f6ne<\/p>\n<p><strong>Technik<\/strong>: Kilian Speder, Torsten Bachmann<\/p>\n<h3 id=\"A20181027\">27. Oktober 2018 Musikalisches Abendgebet<\/h3>\n<p>Um 18:30 in der katholischen Kirche Walldorf<\/p>\n<p><strong>Songs<\/strong><\/p>\n<ul>\n<li>Mangisondele<\/li>\n<li>Great is Your mercy (Don Moen)<\/li>\n<li>Draw me close to You (Don Moen)<\/li>\n<li>Come into his presence (Helmut Jost)<\/li>\n<li>Mary did you know? (T: Mark Lowry, M: Buddy Greene, Arr.: Pentatonix, Bernhard Gr\u00f6ne)<\/li>\n<li>Da ber\u00fchren sich Himmel und Erde (T: Thomas Laubach, M: Christoph Lehmann, Arr.: Bernhard Gr\u00f6ne)<\/li>\n<li>Open the Eyes of my Heart (Paul Baloche, Arr.: Bernhard Gr\u00f6ne)<\/li>\n<\/ul>\n<p><strong>Musiker<\/strong>: Anette Olsson (Piano), Torsten Bachmann (Schlagzeug), Stefan Resag (E-Gitarre), Felicitas Fischer von Weikersthal (Querfl\u00f6te), Heiner Gehbauer (Saxophon), Bernhard Gr\u00f6ne (Leitung, akust. Gitarre)<\/p>\n<p><strong>Solisten<\/strong>: Agnes Gro\u00df-B\u00f6lting, Felicitas Fischer von Weikersthal, Bernhard Gr\u00f6ne<\/p>\n<p><strong>Technik<\/strong>: Torsten Bachmann<\/p>\n<h3 id=\"A20181007\">07. Oktober 2018 Erntedankgottesdienst und kfd-Jubil\u00e4um<\/h3>\n<p>Um 10:30 in der katholischen Kirche Walldorf<\/p>\n<p><strong>Songs<\/strong><\/p>\n<ul>\n<li>Kommt herbei, singt dem Herrn (T: Diethard Zils., Arr.: Bernhard Gr\u00f6ne)<\/li>\n<li>Calypso Gloria (trad., Arr.: Emily Crocker)<\/li>\n<li>Come into his presence (Helmut Jost)<\/li>\n<li>Hallelujah-Ruf (Leonhard Cohen, Arr.: Bernhard Gr\u00f6ne)<\/li>\n<li>Leben aus der Quelle (Lukas Di Nunzio, Arr.: Bernhard Gr\u00f6ne)<\/li>\n<li>Heilig, Heilig bist Du (Klaus Lohrb\u00e4cher, Arr.: Bernhard Gr\u00f6ne)<\/li>\n<li>Da ber\u00fchren sich Himmel und Erde (T: Thomas Laubach, M: Christoph Lehmann, Arr.: Bernhard Gr\u00f6ne)<\/li>\n<li>Hallelujah (Leonhard Cohen, Arr.: Bernhard Gr\u00f6ne)<\/li>\n<li>In Christ Alone (Keith Getty, Stuart Townend \/ Arr.: Bernhard Gr\u00f6ne)<\/li>\n<li>Herr, wir bitten, komm und segne uns (Peter Strauch, Arr.: Bernhard Gr\u00f6ne)<\/li>\n<li>My Sweet Lord (George Harrison, Arr.: Bernhard Gr\u00f6ne)<\/li>\n<li>Lean on me (Bill Withers, Arr.: Bernhard Gr\u00f6ne)<\/li>\n<\/ul>\n<p><strong>Musiker<\/strong>: Torsten Bachmann (Schlagzeug), Stefan Resag (E-Gitarre), Michaela Haselberger (Querfl\u00f6te), Heiner Gehbauer (Saxophon), Bernhard Gr\u00f6ne (Leitung, akust. Gitarre)<\/p>\n<p><strong>Solisten<\/strong>: Stefan Resag, Bernhard Gr\u00f6ne<\/p>\n<p><strong>Technik<\/strong>: Torsten Bachmann<\/p>\n<h3 id=\"A20181006\">06. Oktober 2018 Hochzeit<\/h3>\n<p>Um 13:30 in der evangelischen Kirche Walldorf<\/p>\n<p><strong>Songs<\/strong><\/p>\n<ul>\n<li>Oh Happy Day (Edwin Hawkins)<\/li>\n<\/ul>\n<p><strong>Musiker<\/strong>: Bernhard Gr\u00f6ne (Leitung, akust. Gitarre)<\/p>\n<p><strong>Solisten<\/strong>: Agnes Gro\u00df-B\u00f6lting, Bernhard Gr\u00f6ne<\/p>\n<h3 id=\"A20180923\">23. September 2018 Gemeindefest Bazar<\/h3>\n<p>Um 16:00 im evangelischen Gemeindehaus Walldorf<\/p>\n<p><strong>Songs<\/strong><\/p>\n<ul>\n<li>Come into his presence (Helmut Jost)<\/li>\n<li>We Believe (Lothar Kosse)<\/li>\n<li>At the Table (Richard Smallwood)<\/li>\n<li>Hallelujah (Leonhard Cohen, Arr.: Bernhard Gr\u00f6ne)<\/li>\n<li>Da ber\u00fchren sich Himmel und Erde (T: Thomas Laubach, M: Christoph Lehmann, Arr.: Bernhard Gr\u00f6ne)<\/li>\n<li>Carriers of the Light (Jerry Estes)<\/li>\n<li>Down in the River to Pray (trad., Arr.: Bernhard Gr\u00f6ne)<\/li>\n<li>I will follow him (M: Franck Pourcel,Paul Mauriat, T: Jacques Plante, Arr.: Bernhard Gr\u00f6ne)<\/li>\n<li>The Rose (Amanda McBroom, Arr.: Bernhard Gr\u00f6ne)<\/li>\n<li>My Sweet Lord (George Harrison, Arr.: Bernhard Gr\u00f6ne)<\/li>\n<li>Lean on me (Bill Withers, Arr.: Bernhard Gr\u00f6ne)<\/li>\n<li>People Get Ready (Curtis Mayfield, Arr.: Bernhard Gr\u00f6ne)<\/li>\n<li>Oh Happy Day (Edwin Hawkins)<\/li>\n<li>Siyahamba (Trad., Arr.: Doreen Rao)<\/li>\n<\/ul>\n<p><strong>Musiker<\/strong>: Anette Olsson (Piano), Torsten Bachmann (Schlagzeug), Stefan Resag (E-Gitarre), Felicitas Fischer von Weikersthal (Querfl\u00f6te), Heiner Gehbauer (Saxophon), Bernhard Gr\u00f6ne (Leitung, akust. Gitarre)<\/p>\n<p><strong>Solisten<\/strong>: Agnes Gro\u00df-B\u00f6lting, Anke Bastisch, Katharina Fecht, Stefan Resag, Susanne Schott, Bernhard Gr\u00f6ne<\/p>\n<p><strong>Technik<\/strong>: Kilian Speder, Torsten Bachmann<\/p>\n<h3 id=\"A20180722\">22. Juli 2018 Familientag im Tierpark Walldorf<\/h3>\n<p>Um 15:30 im Tierpark Walldorf<\/p>\n<p><strong>Songs<\/strong><\/p>\n<ul>\n<li>Soon and Very Soon (Andra\u00e9 Crouch, Arr.: Bernhard Gr\u00f6ne)<\/li>\n<li>Down in the River to Pray (trad., Arr.: Bernhard Gr\u00f6ne)<\/li>\n<li>Carriers of the Light (Jerry Estes)<\/li>\n<li>Hallelujah (Leonhard Cohen, Arr.: Bernhard Gr\u00f6ne)<\/li>\n<li>Come into his presence (Helmut Jost)<\/li>\n<li>Great is Your mercy (Don Moen)<\/li>\n<li>Da ber\u00fchren sich Himmel und Erde (T: Thomas Laubach, M: Christoph Lehmann, Arr.: Bernhard Gr\u00f6ne)<\/li>\n<li>We Believe (Lothar Kosse)<\/li>\n<li>At the Table (Richard Smallwood)<\/li>\n<li>Thank You (York Sommer)<\/li>\n<li>I will follow him (M: Franck Pourcel,Paul Mauriat, T: Jacques Plante, Arr.: Bernhard Gr\u00f6ne)<\/li>\n<li>The Rose (Amanda McBroom, Arr.: Bernhard Gr\u00f6ne)<\/li>\n<li>People Get Ready (Curtis Mayfield, Arr.: Bernhard Gr\u00f6ne)<\/li>\n<li>My Sweet Lord (George Harrison, Arr.: Bernhard Gr\u00f6ne)<\/li>\n<li>Lean on me (Bill Withers, Arr.: Bernhard Gr\u00f6ne)<\/li>\n<li>Oh Happy Day (Edwin Hawkins)<\/li>\n<li>Open the Eyes (Paul Baloche, Arr.: Bernhard Gr\u00f6ne)<\/li>\n<li>Nothing Else Matters (James Hetfield, Lars Ulrich, Arr.: Bernhard Gr\u00f6ne)<\/li>\n<li>Siyahamba (Trad., Arr.: Doreen Rao)<\/li>\n<\/ul>\n<p><strong>Musiker<\/strong>: Anette Olsson (Piano), Torsten Bachmann (Schlagzeug), Stefan Resag (E-Gitarre), Felicitas Fischer von Weikersthal (Querfl\u00f6te), Bernhard Gr\u00f6ne (Leitung, akust. Gitarre)<\/p>\n<p><strong>Solisten<\/strong>: Agnes Gro\u00df-B\u00f6lting, Anke Bastisch, Felicitas Fischer von Weikersthal, Katharina Fecht, Mairead Wolf, Stefan Resag, Susanne Schott, Bernhard Gr\u00f6ne<\/p>\n<p><strong>Technik<\/strong>: Kilian Speder, Torsten Bachmann<\/p>\n<h3 id=\"A20180623\">23. Juni 2018 Gottesdienst zu einer Silberhochzeit<\/h3>\n<p>Um 14:00 in der evangelischen Kirche Walldorf<\/p>\n<p><strong>Songs<\/strong><\/p>\n<ul>\n<li>Open the Eyes (Paul Baloche, Arr.: Bernhard Gr\u00f6ne)<\/li>\n<li>Come into his presence (Helmut Jost)<\/li>\n<li>Oh Happy Day (Edwin Hawkins)<\/li>\n<\/ul>\n<p><strong>Musiker<\/strong>: Anette Olsson (Piano), Stefan Resag (E-Gitarre), Bernhard Gr\u00f6ne (Leitung, akust. Gitarre)<\/p>\n<p><strong>Solisten<\/strong>: Agnes Gro\u00df-B\u00f6lting, Stefan Resag, Bernhard Gr\u00f6ne<\/p>\n<p><strong>Technik<\/strong>: Kilian Speder<\/p>\n<h3 id=\"A20180616\">16. Juni 2018 Open Air Taufgottesdienst<\/h3>\n<p>Um 10:00 am St. Leoner See<\/p>\n<p><strong>Songs<\/strong><\/p>\n<ul>\n<li>Soon and Very Soon (Andra\u00e9 Crouch, Arr.: Bernhard Gr\u00f6ne)<\/li>\n<li>Danke (Arr.: Bernhard Gr\u00f6ne)<\/li>\n<li>Leben aus der Quelle (Lukas Di Nunzio, Arr.: Bernhard Gr\u00f6ne)<\/li>\n<li>Down in the River to Pray (trad., Arr.: Bernhard Gr\u00f6ne)<\/li>\n<li>Come into his presence (Helmut Jost)<\/li>\n<li>We Believe (Lothar Kosse)<\/li>\n<li>People Get Ready (Curtis Mayfield, Arr.: Bernhard Gr\u00f6ne)<\/li>\n<li>The Rose (Amanda McBroom, Arr.: Bernhard Gr\u00f6ne)<\/li>\n<li>My Sweet Lord (George Harrison, Arr.: Bernhard Gr\u00f6ne)<\/li>\n<li>Lean on me (Bill Withers, Arr.: Bernhard Gr\u00f6ne)<\/li>\n<li>Herr, wir bitten, komm und segne uns (Peter Strauch, Arr.: Bernhard Gr\u00f6ne)<\/li>\n<\/ul>\n<p><strong>Musiker<\/strong>: Anette Olsson (Piano), Torsten Bachmann (Schlagzeug), Stefan Resag (E-Gitarre), Felicitas Fischer von Weikersthal (Querfl\u00f6te), Bernhard Gr\u00f6ne (Leitung, akust. Gitarre)<\/p>\n<p><strong>Solisten<\/strong>: Anke Bastisch, Katharina Fecht, Stefan Resag, Susanne Schott, Bernhard Gr\u00f6ne<\/p>\n<p><strong>Technik<\/strong>: Kilian Speder<\/p>\n<h3 id=\"A20180505\">5. Mai 2018 Abendmahlgottesdienst zur Konfirmation<\/h3>\n<p>Um 18:00 in der evangelischen Kirche Walldorf<br \/>\n<strong>Songs<\/strong><\/p>\n<ul>\n<li>Kommt herbei, singt dem Herrn (T: Diethard Zils., Arr.: Bernhard Gr\u00f6ne)<\/li>\n<li>Calypso Gloria (trad., Arr.: Emily Crocker)<\/li>\n<li>At the Table (Richard Smallwood)<\/li>\n<li>Heilig, Heilig bist Du (Klaus Lohrb\u00e4cher, Arr.: Bernhard Gr\u00f6ne)<\/li>\n<li>At the Cross (Hillsong)<\/li>\n<li>I Surrender All (trad., Arr.: Tore W. Aas, Bernhard Gr\u00f6ne)<\/li>\n<li>Lean on me (Bill Withers, Arr.: Bernhard Gr\u00f6ne)<\/li>\n<li>The Rose (Amanda McBroom, Arr.: Bernhard Gr\u00f6ne)<\/li>\n<li>Herr, ich komme zu Dir (Albert Frey, Arr.: Annette Hauser, Bernhard Gr\u00f6ne)<\/li>\n<li>Amazing Grace (trad, Arr.: Marian Nwaigbo)<\/li>\n<li>Da ber\u00fchren sich Himmel und Erde (T: Thomas Laubach, M: Christoph Lehmann, Arr.: Bernhard Gr\u00f6ne)<\/li>\n<li>People Get Ready (Curtis Mayfield, Arr.: Bernhard Gr\u00f6ne)<\/li>\n<\/ul>\n<p><strong>Musiker<\/strong>: Anette Olsson (Piano), Werner Gabrisch (Bass), Torsten Bachmann (Schlagzeug), Stefan Resag (E-Gitarre), Felicitas Fischer von Weikersthal (Querfl\u00f6te), Heiner Gehbauer (Saxophon), Bernhard Gr\u00f6ne (Leitung, akust. Gitarre)<\/p>\n<p><strong>Solisten<\/strong>: Agnes Gro\u00df-B\u00f6lting, Anke Bastisch, Felicitas Fischer von Weikersthal, Katharina Fecht, Mairead Wolf, Stefan Resag, Susanne Schott, Bernhard Gr\u00f6ne<\/p>\n<p><strong>Technik<\/strong>: Torsten Bachmann, Knut Hansen<\/p>\n<h3 id=\"A20180429\">29. April 2018 Festgottesdienst zum Jubil\u00e4um des Kirchenchors<\/h3>\n<p>Um 10:00 in der evangelischen Kirche Walldorf<\/p>\n<p><strong>Songs<\/strong><\/p>\n<ul>\n<li>Sing a new Song (Udo+Silke Zimmermann, Arr.: Bernhard Gr\u00f6ne)<\/li>\n<li>Erd und Himmel sollen singen (Ruppel, Arr.: Michael Sch\u00fctz)<\/li>\n<\/ul>\n<p><strong>Musiker<\/strong>: Werner Gabrisch (Bass), Torsten Bachmann (Schlagzeug, Technik), Bernhard Gr\u00f6ne (Leitung, akust. Gitarre, Solo)<\/p>\n<h3 id=\"A20180303\">3. M\u00e4rz 2018 Musikalisches Abendgebet<\/h3>\n<p>Um 18:30 in der katholischen Kirche Walldorf<\/p>\n<p><strong>Songs<\/strong><\/p>\n<ul>\n<li>Rhythm of Life (York Sommer)<\/li>\n<li>Open the Eyes of my Heart (Paul Baloche, Arr.: Bernhard Gr\u00f6ne)<\/li>\n<li>Free Your Soul (Martin Carbow)<\/li>\n<li>Kommt herbei, singt dem Herrn (T: Diethard Zils., Arr.: Bernhard Gr\u00f6ne)<\/li>\n<li>Sing a new Song (Udo+Silke Zimmermann, Arr.: Bernhard Gr\u00f6ne)<\/li>\n<li>Hallelujah (Leonhard Cohen, Arr.: Bernhard Gr\u00f6ne)<\/li>\n<\/ul>\n<p><strong>Musiker<\/strong>: Anette Olsson (Piano), Werner Gabrisch (Bass), Torsten Bachmann (Schlagzeug, Technik), Stefan Resag (E-Gitarre), Bernhard Gr\u00f6ne (Leitung, akust. Gitarre, Solo)<\/p>\n<h3 id=\"A20180128\">28. Januar 2018 Familiengottesdienst<\/h3>\n<p>Kind-und-Kegel Abendmahl und Verabschiedung von Pfarrerin Marina von Ameln<br \/>\nUm 11:00 in der evangelischen Kirche Walldorf<\/p>\n<p><strong>Songs<\/strong><\/p>\n<ul>\n<li>Kommt herbei, singt dem Herrn (T: Diethard Zils., Arr.: Bernhard Gr\u00f6ne)<\/li>\n<li>Gro\u00df ist unser Gott (Lothar Kosse, Arr.: Bernhard Gr\u00f6ne)<\/li>\n<li>I Surrender All (Instrumental) (trad.)<\/li>\n<li>Draw me close to You (Don Moen)<\/li>\n<li>Total Praise (Richard Smallwood)<\/li>\n<li>Hallelujah (Leonhard Cohen, Arr.: Bernhard Gr\u00f6ne)<\/li>\n<li>Great is Your mercy (Don Moen)<\/li>\n<li>We Believe (Lothar Kosse)<\/li>\n<li>Siyahamba (Trad., Arr.: Doreen Rao)<\/li>\n<\/ul>\n<p><strong>Musiker<\/strong>: Werner Gabrisch (Bass), Stefan Resag (E-Gitarre), Felicitas Fischer von Weikersthal (Querfl\u00f6te), Heiner Gehbauer (Saxophon), Bernhard Gr\u00f6ne (Leitung, akust. Gitarre)<\/p>\n<p><strong>Solisten<\/strong>: Agnes Gro\u00df-B\u00f6lting, Felicitas Fischer von Weikersthal, Stefan Resag, Susanne Schott, Bernhard Gr\u00f6ne<\/p>\n<p><strong>Technik<\/strong>: Kilian Speder<\/p>\n","protected":false},"excerpt":{"rendered":"<p>25. Dezember 2018 Weihnachtsgottesdienst Um 10:00 in der evangelischen Kirche Walldorf Songs Stern \u00fcber Bethlehem (Alfred Hans Zoller, Arr.: Bernhard Gr\u00f6ne) Calypso Gloria (trad., Arr. Doreen Rao)) Jesus, Oh what a wonderful child (trad., Arr.: Bernhard Gr\u00f6ne) Komm sag es allen weiter (M: trad., T: F. Walz, Arr.: Bernhard Gr\u00f6ne) Child in the Manger (trad. &hellip; <a href=\"https:\/\/www.walldorf-gospel-singers.de\/index.php\/auftritte\/auftritte-2018\/\" class=\"more-link\"><span class=\"screen-reader-text\">Auftritte 2018<\/span> weiterlesen <span class=\"meta-nav\">&rarr;<\/span><\/a><\/p>\n","protected":false},"author":3,"featured_media":0,"parent":9,"menu_order":15,"comment_status":"closed","ping_status":"closed","template":"","meta":{"footnotes":""},"class_list":["post-730","page","type-page","status-publish","hentry"],"_links":{"self":[{"href":"https:\/\/www.walldorf-gospel-singers.de\/index.php\/wp-json\/wp\/v2\/pages\/730","targetHints":{"allow":["GET"]}}],"collection":[{"href":"https:\/\/www.walldorf-gospel-singers.de\/index.php\/wp-json\/wp\/v2\/pages"}],"about":[{"href":"https:\/\/www.walldorf-gospel-singers.de\/index.php\/wp-json\/wp\/v2\/types\/page"}],"author":[{"embeddable":true,"href":"https:\/\/www.walldorf-gospel-singers.de\/index.php\/wp-json\/wp\/v2\/users\/3"}],"replies":[{"embeddable":true,"href":"https:\/\/www.walldorf-gospel-singers.de\/index.php\/wp-json\/wp\/v2\/comments?post=730"}],"version-history":[{"count":20,"href":"https:\/\/www.walldorf-gospel-singers.de\/index.php\/wp-json\/wp\/v2\/pages\/730\/revisions"}],"predecessor-version":[{"id":831,"href":"https:\/\/www.walldorf-gospel-singers.de\/index.php\/wp-json\/wp\/v2\/pages\/730\/revisions\/831"}],"up":[{"embeddable":true,"href":"https:\/\/www.walldorf-gospel-singers.de\/index.php\/wp-json\/wp\/v2\/pages\/9"}],"wp:attachment":[{"href":"https:\/\/www.walldorf-gospel-singers.de\/index.php\/wp-json\/wp\/v2\/media?parent=730"}],"curies":[{"name":"wp","href":"https:\/\/api.w.org\/{rel}","templated":true}]}}