{"id":832,"date":"2019-02-23T21:23:06","date_gmt":"2019-02-23T20:23:06","guid":{"rendered":"https:\/\/www.walldorf-gospel-singers.de\/?page_id=832"},"modified":"2019-12-26T23:13:21","modified_gmt":"2019-12-26T22:13:21","slug":"auftritte-2019","status":"publish","type":"page","link":"https:\/\/www.walldorf-gospel-singers.de\/index.php\/auftritte\/auftritte-2019\/","title":{"rendered":"Auftritte 2019"},"content":{"rendered":"<h3 id=\"A20191226\">26. Dezember 2019 Weihnachtsgottesdienst<\/h3>\n<p>Um 18:00 in der evang. Stadtkirche Walldorf<\/p>\n<p><strong>Songs<\/strong><\/p>\n<ul>\n<li>Changed by a Baby Boy (Benjamin + Gloria Gaither, Arr.: Bernhard Gr\u00f6ne)<\/li>\n<li>Mary\u2019s Boy Child (Jester Hairston \/ Arr.: Bernhard Gr\u00f6ne)<\/li>\n<li>Jesus, oh what a wonderful child (trad., Arr.: Bernhard Gr\u00f6ne)<\/li>\n<li>Come on down to Bethlehem (T: John Parker, M: Joel Raney)<\/li>\n<li>Calypso Gloria (trad., Arr. Doreen Rao)<\/li>\n<li>Go, tell it on the mountain (trad. \/ Arr.: Bernhard Gr\u00f6ne)<\/li>\n<li>Mary did you know? (T: Mark Lowry, M: Buddy Greene, Arr.: Pentatonix, Bernhard Gr\u00f6ne)<\/li>\n<li>Child in the Manger (trad. (Schottland), Arr.: Bernhard Gr\u00f6ne, Werner Gabrisch)<\/li>\n<li>Stern \u00fcber Bethlehem (Alfred Hans Zoller, Arr.: Bernhard Gr\u00f6ne)<\/li>\n<li>Winter Wonderland (M: Felix Bernard, T: Dick Smith \/ Arr.: Bernhard Gr\u00f6ne)<\/li>\n<\/ul>\n<p><strong>Musiker<\/strong>: Anette Olsson (Piano), Werner Gabrisch (Bass), Torsten Bachmann (Schlagzeug), Stefan Resag (E-Gitarre), Bernhard Gr\u00f6ne (Leitung, akust. Gitarre)<\/p>\n<p><strong>Solisten<\/strong>: Gisela Berghaus, Stefan Resag, Bernhard Gr\u00f6ne<\/p>\n<p><strong>Technik<\/strong>: Kilian Speder, Torsten Bachmann<\/p>\n<h3 id=\"A20191215\">15. Dezember 2019 Adventskonzert<\/h3>\n<p>Um 16:00 in der evang. Stadtkirche Walldorf<\/p>\n<p><strong>Songs<\/strong><\/p>\n<ul>\n<li>Jesus, oh what a wonderful child (trad., Arr.: Bernhard Gr\u00f6ne)<\/li>\n<li>Child in the Manger (trad. (Schottland), Arr.: Bernhard Gr\u00f6ne, Werner Gabrisch)<\/li>\n<li>Stern \u00fcber Bethlehem (Alfred Hans Zoller, Arr.: Bernhard Gr\u00f6ne)<\/li>\n<li>Come on down to Bethlehem (T: John Parker, M: Joel Raney)<\/li>\n<li>Mary did you know? (T: Mark Lowry, M: Buddy Greene, Arr.: Pentatonix, Bernhard Gr\u00f6ne)<\/li>\n<\/ul>\n<p><strong>Musiker<\/strong>: Anette Olsson (Piano), Werner Gabrisch (Bass), Torsten Bachmann (Schlagzeug), Stefan Resag (E-Gitarre), Felicitas Fischer von Weikersthal (Querfl\u00f6te), Bernhard Gr\u00f6ne (Leitung, akust. Gitarre)<\/p>\n<p><strong>Solisten<\/strong>: Stefan Resag, Susanne Schott<\/p>\n<p><strong>Technik<\/strong>: Kilian Speder, Torsten Bachmann<\/p>\n<h3 id=\"A20191123\">23. November 2019 Lange Nacht der Kirche<\/h3>\n<p>Um 21:00 in der evang. Stadtkirche Walldorf<\/p>\n<p><strong>Songs<\/strong><\/p>\n<ul>\n<li>Lean on me (Bill Withers, Arr.: Bernhard Gr\u00f6ne)<\/li>\n<li>Come into his presence (Helmut Jost)<\/li>\n<li>We Believe (Lothar Kosse)<\/li>\n<li>I can see clearly now (Johnny Nash, Arr.: Bernhard Gr\u00f6ne)<\/li>\n<li>People Get Ready (Curtis Mayfield, Arr.: Bernhard Gr\u00f6ne)<\/li>\n<li>Mary did you know? (T: Mark Lowry, M: Buddy Greene, Arr.: Pentatonix, Bernhard Gr\u00f6ne)<\/li>\n<li>Lord, I Lift your name on high (Rick Founds, Arr.: Bernhard Gr\u00f6ne)<\/li>\n<li>Herr, wir bitten, komm und segne uns (Peter Strauch, Arr.: Bernhard Gr\u00f6ne)<\/li>\n<\/ul>\n<p><strong>Musiker<\/strong>: Anette Olsson (Piano), Stefan Resag (E-Gitarre), Bernhard Gr\u00f6ne (Leitung, akust. Gitarre)<\/p>\n<p><strong>Solisten<\/strong>: Agnes Gro\u00df-B\u00f6lting, Katharina Fecht, Stefan Resag, Bernhard Gr\u00f6ne<\/p>\n<h3 id=\"A20191110\">10. November 2019 Candle Light Konzert zur Benefiz Kunstausstellung &#8222;Einfach Kind sein!&#8220;<\/h3>\n<p>Um 18:00 im Studio 58 (Lempenseite 58, 69168 Wiesloch)<br \/>\n<figure id=\"attachment_908\" aria-describedby=\"caption-attachment-908\" style=\"width: 300px\" class=\"wp-caption alignright\"><a href=\"http:\/\/www.walldorf-gospel-singers.de\/wgs-content\/uploads\/Flyer_EinfachKindSein_quadrat_web.jpg\"><img loading=\"lazy\" decoding=\"async\" src=\"http:\/\/www.walldorf-gospel-singers.de\/wgs-content\/uploads\/Flyer_EinfachKindSein_quadrat_web-300x300.jpg\" alt=\"Flyer Einfach Kind Sein! 2.-10.Nov.2019\" width=\"300\" height=\"300\" class=\"size-medium wp-image-908\" srcset=\"https:\/\/www.walldorf-gospel-singers.de\/wgs-content\/uploads\/Flyer_EinfachKindSein_quadrat_web-300x300.jpg 300w, https:\/\/www.walldorf-gospel-singers.de\/wgs-content\/uploads\/Flyer_EinfachKindSein_quadrat_web-150x150.jpg 150w, https:\/\/www.walldorf-gospel-singers.de\/wgs-content\/uploads\/Flyer_EinfachKindSein_quadrat_web-768x768.jpg 768w, https:\/\/www.walldorf-gospel-singers.de\/wgs-content\/uploads\/Flyer_EinfachKindSein_quadrat_web.jpg 1000w\" sizes=\"auto, (max-width: 300px) 100vw, 300px\" \/><\/a><figcaption id=\"caption-attachment-908\" class=\"wp-caption-text\">Flyer Einfach Kind Sein mit Programm 2.-10. Nov.2019<\/figcaption><\/figure><\/p>\n<p><strong>Songs<\/strong><\/p>\n<ul>\n<li>Soon and very soon (Andra\u00e9 Crouch, Arr.: Bernhard Gr\u00f6ne)<\/li>\n<li>I will follow him (M: Franck Pourcel,Paul Mauriat, T: Jacques Plante, Arr.: Bernhard Gr\u00f6ne)<\/li>\n<li>At the Table (Richard Smallwood)<\/li>\n<li>Hallelujah (Leonhard Cohen, Arr.: Bernhard Gr\u00f6ne)<\/li>\n<li>Come into his presence (Helmut Jost)<\/li>\n<li>We Believe (Lothar Kosse)<\/li>\n<li>I can see clearly now (Johnny Nash, Arr.: Bernhard Gr\u00f6ne)<\/li>\n<li>One more time (Rev. James Moore)<\/li>\n<li>My Sweet Lord (George Harrison, Arr.: Bernhard Gr\u00f6ne)<\/li>\n<li>Lean on me (Bill Withers, Arr.: Bernhard Gr\u00f6ne)<\/li>\n<li>The Rose (Amanda McBroom, Arr.: Bernhard Gr\u00f6ne)<\/li>\n<li>People Get Ready (Curtis Mayfield, Arr.: Bernhard Gr\u00f6ne)<\/li>\n<li>Lord, I Lift your name on high (Rick Founds, Arr.: Bernhard Gr\u00f6ne)<\/li>\n<li>Oh Happy Day (Edwin Hawkins)<\/li>\n<li>Medley: One more time + Lord, I Lift your name on high + We Believe (Lothar Kosse) + Walldorf Gospel Singers are around (Brian May, T: Bernhard Gr\u00f6ne)<\/li>\n<\/ul>\n<p><strong>Musiker<\/strong>: Anette Olsson (Piano), Torsten Bachmann (Schlagzeug), Stefan Resag (E-Gitarre), Bernhard Gr\u00f6ne (Leitung, akust. Gitarre)<\/p>\n<p><strong>Solisten<\/strong>: Agnes Gro\u00df-B\u00f6lting, Anke Bastisch, Katharina Fecht, Mairead Wolf, Paula Ramos, Stefan Resag, Susanne Schott, Bernhard Gr\u00f6ne<\/p>\n<p><strong>Technik<\/strong>: Kilian Speder, Torsten Bachmann<\/p>\n<h3 id=\"A20191026\">26. Oktober 2019 Jubil\u00e4umskonzert<\/h3>\n<p>Um 18:00 in der evangelischen Kirche Walldorf<br \/>\n<a href=\"http:\/\/www.walldorf-gospel-singers.de\/wgs-content\/uploads\/Plakat-2019-10-26-v1-klein.jpg\"><img loading=\"lazy\" decoding=\"async\" src=\"http:\/\/www.walldorf-gospel-singers.de\/wgs-content\/uploads\/Plakat-2019-10-26-v1-klein-214x300.jpg\" alt=\"\" width=\"214\" height=\"300\" class=\"alignright size-medium wp-image-899\" srcset=\"https:\/\/www.walldorf-gospel-singers.de\/wgs-content\/uploads\/Plakat-2019-10-26-v1-klein-214x300.jpg 214w, https:\/\/www.walldorf-gospel-singers.de\/wgs-content\/uploads\/Plakat-2019-10-26-v1-klein-107x150.jpg 107w, https:\/\/www.walldorf-gospel-singers.de\/wgs-content\/uploads\/Plakat-2019-10-26-v1-klein.jpg 657w\" sizes=\"auto, (max-width: 214px) 100vw, 214px\" \/><\/a><br \/>\n<strong>Songs<\/strong><\/p>\n<ul>\n<li>Great is Your Mercy (Don Moen, Arr.: Bernhard Gr\u00f6ne)<\/li>\n<li>Total Praise (Richard Smallwood)<\/li>\n<li>At the Table (Richard Smallwood)<\/li>\n<li>At the Cross (Hillsong)<\/li>\n<li>One more time (Rev. James Moore)<\/li>\n<li>Sing a new song (U.+S. Zimmermann, Arr.: Bernhard Gr\u00f6ne)<\/li>\n<li>In Christ Alone (M: Keith Getty, T: Stuart Townend, Arr.: Bernhard Gr\u00f6ne)<\/li>\n<li>Herr, wir bitten, komm und segne uns (Peter Strauch, Arr.: Bernhard Gr\u00f6ne)<\/li>\n<li>People Get Ready (Curtis Mayfield, Arr.: Bernhard Gr\u00f6ne)<\/li>\n<li>Rhythm of Life (York Sommer)<\/li>\n<li>Come into his presence (Helmut Jost)<\/li>\n<li>Lean on me (Bill Withers, Arr.: Bernhard Gr\u00f6ne)<\/li>\n<li>I can see clearly now (Johnny Nash, Arr.: Bernhard Gr\u00f6ne)<\/li>\n<li>Lord, I Lift your name on high (Rick Founds, Arr.: Bernhard Gr\u00f6ne)<\/li>\n<li>Medley: One more time + Lord, I Lift your name on high + We Believe (Lothar Kosse) + Walldorf Gospel Singers are around (Brian May, T: Bernhard Gr\u00f6ne)<\/li>\n<\/ul>\n<p><strong>Musiker<\/strong>: Anette Olsson (Piano), Torsten Bachmann (Schlagzeug), Stefan Resag (E-Gitarre),  Felicitas Fischer von Weikersthal (Querfl\u00f6te), Bernhard Gr\u00f6ne (Leitung, akust. Gitarre)<\/p>\n<p><strong>Solisten<\/strong>: Agnes Gro\u00df-B\u00f6lting, Anke Bastisch, Felicitas Fischer von Weikersthal, Mairead Wolf, Stefan Resag, Susanne Schott, Bernhard Gr\u00f6ne<\/p>\n<p><strong>Technik<\/strong>: Kilian Speder, Torsten Bachmann<\/p>\n<h3 id=\"A20191011\">11. Oktober 2019 Trauerfeier f\u00fcr Martina Winnes<\/h3>\n<p>Um 14:00 auf dem Friedhof Walldorf<\/p>\n<p><strong>Songs<\/strong><\/p>\n<ul>\n<li>Herr, ich komme zu Dir (Albert Frey, Arr. Annette Hauser, Bernhard Gr\u00f6ne)<\/li>\n<li>God will make a way (Don Moen, Arr.: Tore W. Aas)<\/li>\n<li>We Believe (Lothar Kosse)<\/li>\n<\/ul>\n<p><strong>Musiker<\/strong>: Stefan Resag (Leitung, akust. Gitarre)<\/p>\n<p><strong>Solisten<\/strong>: Stefan Resag, Susanne Schott<\/p>\n<p><strong>Technik<\/strong>: Stefan Resag, Susanne Schott<\/p>\n<h3 id=\"A20190915\">15. September 2019 Gemeindefest Bazar<\/h3>\n<p>Um 15:30 im evang. Gemeindehaus Walldorf<\/p>\n<p><strong>Songs<\/strong><\/p>\n<ul>\n<li>One more time (Rev. James Moore)<\/li>\n<li>Soon and very soon (Andra\u00e9 Crouch, Arr.: Bernhard Gr\u00f6ne)<\/li>\n<li>I will follow him (M: Franck Pourcel,Paul Mauriat, T: Jacques Plante, Arr.: Bernhard Gr\u00f6ne)<\/li>\n<li>Lord, I Lift your name on high (Rick Founds, Arr.: Bernhard Gr\u00f6ne)<\/li>\n<li>Hallelujah (Leonhard Cohen, Arr.: Bernhard Gr\u00f6ne)<\/li>\n<li>Come into his presence (Helmut Jost)<\/li>\n<li>We Believe (Lothar Kosse)<\/li>\n<li>I can see clearly now (Johnny Nash, Arr.: Bernhard Gr\u00f6ne)<\/li>\n<li>The Rose (Amanda McBroom, Arr.: Bernhard Gr\u00f6ne)<\/li>\n<li>My Sweet Lord (George Harrison, Arr.: Bernhard Gr\u00f6ne)<\/li>\n<li>Lean on me (Bill Withers, Arr.: Bernhard Gr\u00f6ne)<\/li>\n<li>People Get Ready (Curtis Mayfield, Arr.: Bernhard Gr\u00f6ne)<\/li>\n<li>Open the eyes of my heart (Paul Baloche, Arr.: Tore W. Aas, Bernhard Gr\u00f6ne)<\/li>\n<li>Oh Happy Day (Edwin Hawkins)<\/li>\n<\/ul>\n<p><strong>Musiker<\/strong>: Anette Olsson (Piano), Werner Gabrisch (Bass), Torsten Bachmann (Schlagzeug), Stefan Resag (E-Gitarre),  Bernhard Gr\u00f6ne (Leitung, akust. Gitarre)<\/p>\n<p><strong>Solisten<\/strong>: Agnes Gro\u00df-B\u00f6lting, Katharina Fecht, Mairead Wolf, Stefan Resag, Bernhard Gr\u00f6ne<\/p>\n<p><strong>Technik<\/strong>: Torsten Bachmann<\/p>\n<h3 id=\"A20190721\">21. Juli 2019 Familienfest<\/h3>\n<p>Um 15:45 im Tierpark Walldorf<\/p>\n<p><strong>Songs<\/strong><\/p>\n<ul>\n<li>Soon and very soon (Andra\u00e9 Crouch, Arr.: Bernhard Gr\u00f6ne)<\/li>\n<li>I will follow him (M: Franck Pourcel,Paul Mauriat, T: Jacques Plante, Arr.: Bernhard Gr\u00f6ne)<\/li>\n<li>Great is Your Mercy (Don Moen, Arr.: Bernhard Gr\u00f6ne)<\/li>\n<li>Come into his presence (Helmut Jost)<\/li>\n<li>Hallelujah (Leonhard Cohen, Arr.: Bernhard Gr\u00f6ne)<\/li>\n<li>We Believe (Lothar Kosse)<\/li>\n<li>Lord, I Lift your name on high (Rick Founds, Arr.: Bernhard Gr\u00f6ne)<\/li>\n<li>I can see clearly now (Johnny Nash, Arr.: Bernhard Gr\u00f6ne)<\/li>\n<li>The Rose (Amanda McBroom, Arr.: Bernhard Gr\u00f6ne)<\/li>\n<li>My Sweet Lord (George Harrison, Arr.: Bernhard Gr\u00f6ne)<\/li>\n<li>Lean on me (Bill Withers, Arr.: Bernhard Gr\u00f6ne)<\/li>\n<li>People Get Ready (Curtis Mayfield, Arr.: Bernhard Gr\u00f6ne)<\/li>\n<li>Open the eyes of my heart (Paul Baloche, Arr.: Tore W. Aas, Bernhard Gr\u00f6ne)<\/li>\n<li>Nothing Else Matters (James Hetfield, Lars Ulrich, Arr.: Bernhard Gr\u00f6ne)<\/li>\n<li>Oh Happy Day (Edwin Hawkins)<\/li>\n<li>Siyahamba (trad., Arr. Doreen Rao)<\/li>\n<\/ul>\n<p><strong>Musiker<\/strong>: Werner Gabrisch (Bass), Torsten Bachmann (Schlagzeug), Stefan Resag (E-Gitarre), Heiner Gehbauer (Saxophon), Bernhard Gr\u00f6ne (Leitung, akust. Gitarre)<\/p>\n<p><strong>Solisten<\/strong>: Agnes Gro\u00df-B\u00f6lting, Anke Bastisch, Dirk Speder, Katharina Fecht, Mairead Wolf, Stefan Resag, Susanne Schott, Bernhard Gr\u00f6ne<\/p>\n<p><strong>Technik<\/strong>: Kilian Speder, Torsten Bachmann<\/p>\n<h3 id=\"A20190714\">14. Juli 2019 Gospelgala <\/h3>\n<p>Um 17:00 in der evang. Stadtkirche Sinsheim<\/p>\n<figure id=\"attachment_867\" aria-describedby=\"caption-attachment-867\" style=\"width: 212px\" class=\"wp-caption alignright\"><a href=\"http:\/\/www.walldorf-gospel-singers.de\/wgs-content\/uploads\/gala.jpg\"><img loading=\"lazy\" decoding=\"async\" src=\"http:\/\/www.walldorf-gospel-singers.de\/wgs-content\/uploads\/gala-212x300.jpg\" alt=\"Gospelgala 14.7. 17:00 in Ev. Stadtkirche Sinsheim\" width=\"212\" height=\"300\" class=\"size-medium wp-image-867\" srcset=\"https:\/\/www.walldorf-gospel-singers.de\/wgs-content\/uploads\/gala-212x300.jpg 212w, https:\/\/www.walldorf-gospel-singers.de\/wgs-content\/uploads\/gala-106x150.jpg 106w, https:\/\/www.walldorf-gospel-singers.de\/wgs-content\/uploads\/gala-768x1086.jpg 768w, https:\/\/www.walldorf-gospel-singers.de\/wgs-content\/uploads\/gala-724x1024.jpg 724w\" sizes=\"auto, (max-width: 212px) 100vw, 212px\" \/><\/a><figcaption id=\"caption-attachment-867\" class=\"wp-caption-text\">Plakat<\/figcaption><\/figure>\n<p><strong>Songs<\/strong><\/p>\n<ul>\n<li>Come into his presence (Helmut Jost)<\/li>\n<li>Lord, I Lift your name on high (Rick Founds, Arr.: Bernhard Gr\u00f6ne)<\/li>\n<li>Soon and very soon (Andra\u00e9 Crouch, Arr.: Bernhard Gr\u00f6ne)<\/li>\n<li>I can see clearly now (Johnny Nash, Arr.: Bernhard Gr\u00f6ne)<\/li>\n<li>Mary did you know? (T: Mark Lowry, M: Buddy Greene, Arr.: Pentatonix, Bernhard Gr\u00f6ne)<\/li>\n<li>People Get Ready (Curtis Mayfield, Arr.: Bernhard Gr\u00f6ne)<\/li>\n<li>Open the eyes of my heart (Paul Baloche, Arr.: Tore W. Aas, Bernhard Gr\u00f6ne)<\/li>\n<\/ul>\n<p><strong>Musiker<\/strong>: Anette Olsson (Piano), Werner Gabrisch (Bass), Torsten Bachmann (Schlagzeug), Stefan Resag (E-Gitarre),  Bernhard Gr\u00f6ne (Leitung, akust. Gitarre)<\/p>\n<p><strong>Solisten<\/strong>: Agnes Gro\u00df-B\u00f6lting, Katharina Fecht, Stefan Resag, Bernhard Gr\u00f6ne<\/p>\n<p><strong>Technik<\/strong>: Kilian Speder, Torsten Bachmann<\/p>\n<h3 id=\"A20190706\">6. Juli 2019 Hochzeit<\/h3>\n<p>Um 14:00 in der evangelischen Kirche Walldorf<\/p>\n<p><strong>Songs<\/strong><\/p>\n<ul>\n<li>Da ber\u00fchren sich Himmel und Erde (T: Thomas Laubach, M: Christoph Lehmann, Arr.: Bernhard Gr\u00f6ne)<\/li>\n<li>I will follow him (M: Franck Pourcel,Paul Mauriat, T: Jacques Plante, Arr.: Bernhard Gr\u00f6ne)<\/li>\n<li>Oh Happy Day (Edwin Hawkins)<\/li>\n<li>Herr, wir bitten, komm und segne uns (Peter Strauch, Arr.: Bernhard Gr\u00f6ne)<\/li>\n<\/ul>\n<p><strong>Musiker<\/strong>: Anette Olsson (Piano), Bernhard Gr\u00f6ne (Leitung, akust. Gitarre)<\/p>\n<p><strong>Solisten<\/strong>: Agnes Gro\u00df-B\u00f6lting, Bernhard Gr\u00f6ne<\/p>\n<h3 id=\"A20190608\">8. Juni 2019 Open Air Taufgottesdienst<\/h3>\n<p>Um 10:00 am St. Leoner See<\/p>\n<p><strong>Songs<\/strong><\/p>\n<ul>\n<li>Come into his presence (Helmut Jost)<\/li>\n<li>Danke (Martin Gotthard Schneider, Arr.: Bernhard Gr\u00f6ne)<\/li>\n<li>Gro\u00df ist unser Gott (Lothar Kosse, Arr.: Bernhard Gr\u00f6ne)<\/li>\n<li>Bewahre uns, Gott (M: Andreas Ruuth, T: Eugen Eckert)<\/li>\n<li>Leben aus der Quelle (Lukas Di Nunzio, Arr.: Bernhard Gr\u00f6ne)<\/li>\n<li>Down in the river to pray (trad., Arr.: Bernhard Gr\u00f6ne)<\/li>\n<li>Carriers of the Light (Jerry Estes)<\/li>\n<li>We Believe (Lothar Kosse)<\/li>\n<li>I can see clearly now (Johnny Nash, Arr.: Bernhard Gr\u00f6ne)<\/li>\n<li>The Rose (Amanda McBroom, Arr.: Bernhard Gr\u00f6ne)<\/li>\n<li>People Get Ready (Curtis Mayfield, Arr.: Bernhard Gr\u00f6ne)<\/li>\n<li>Da ber\u00fchren sich Himmel und Erde (T: Thomas Laubach, M: Christoph Lehmann, Arr.: Bernhard Gr\u00f6ne)<\/li>\n<li>Oh Happy Day (Edwin Hawkins)<\/li>\n<\/ul>\n<p><strong>Musiker<\/strong>: Anette Olsson (Piano), Stefan Resag (E-Gitarre), Felicitas Fischer von Weikersthal (Querfl\u00f6te), Bernhard Gr\u00f6ne (Leitung, akust. Gitarre)<\/p>\n<p><strong>Solisten<\/strong>: Agnes Gro\u00df-B\u00f6lting, Anke Bastisch, Mairead Wolf, Stefan Resag, Susanne Schott, Bernhard Gr\u00f6ne<\/p>\n<p><strong>Technik<\/strong>: Kilian Speder<\/p>\n<h3 id=\"A20190525\">25. Mai 2019 Abendmahlsgottesdienst vor der Konfirmation<\/h3>\n<p>Um 18:00 in der evangelischen Kirche Walldorf<\/p>\n<p><strong>Songs<\/strong><\/p>\n<ul>\n<li>Heilig, Heilig bist Du (Klaus Lohrb\u00e4cher, Arr.: Bernhard Gr\u00f6ne)<\/li>\n<li>Draw me close to you (Don Moen)<\/li>\n<li>Total Praise (Richard Smallwood)<\/li>\n<li>Hallelujah (Leonhard Cohen, Arr.: Bernhard Gr\u00f6ne)<\/li>\n<li>We Believe (Lothar Kosse)<\/li>\n<li>The Rose (Amanda McBroom, Arr.: Bernhard Gr\u00f6ne)<\/li>\n<li>Da ber\u00fchren sich Himmel und Erde (T: Thomas Laubach, M: Christoph Lehmann, Arr.: Bernhard Gr\u00f6ne)<\/li>\n<li>Herr, wir bitten, komm und segne uns (Peter Strauch, Arr.: Bernhard Gr\u00f6ne)<\/li>\n<li>I can see clearly now (Johnny Nash, Arr.: Bernhard Gr\u00f6ne)<\/li>\n<\/ul>\n<p><strong>Musiker<\/strong>: Anette Olsson (Piano), Torsten Bachmann (Schlagzeug), Stefan Resag (E-Gitarre), Heiner Gehbauer (Saxophon), Bernhard Gr\u00f6ne (Leitung, akust. Gitarre)<\/p>\n<p><strong>Solisten<\/strong>: Anke Bastisch, Katharina Fecht, Stefan Resag, Susanne Schott, Bernhard Gr\u00f6ne<\/p>\n<p><strong>Technik<\/strong>: Kilian Speder, Torsten Bachmann<\/p>\n<h3 id=\"A20190330\">30. M\u00e4rz 2019 Konzert<\/h3>\n<p><a href=\"http:\/\/www.walldorf-gospel-singers.de\/wgs-content\/uploads\/Plakat-2019-03-30-v6-WolkenMitSonne-50pct.jpg\"><img loading=\"lazy\" decoding=\"async\" class=\"alignright wp-image-826 size-medium\" src=\"http:\/\/www.walldorf-gospel-singers.de\/wgs-content\/uploads\/Plakat-2019-03-30-v6-WolkenMitSonne-50pct-213x300.jpg\" alt=\"I can see clearly now - Konzert am 30.3.2019 in der kath. Kirche St. Martin in Ludwigshafen-Oppau\" width=\"213\" height=\"300\" srcset=\"https:\/\/www.walldorf-gospel-singers.de\/wgs-content\/uploads\/Plakat-2019-03-30-v6-WolkenMitSonne-50pct-213x300.jpg 213w, https:\/\/www.walldorf-gospel-singers.de\/wgs-content\/uploads\/Plakat-2019-03-30-v6-WolkenMitSonne-50pct-107x150.jpg 107w, https:\/\/www.walldorf-gospel-singers.de\/wgs-content\/uploads\/Plakat-2019-03-30-v6-WolkenMitSonne-50pct-768x1080.jpg 768w, https:\/\/www.walldorf-gospel-singers.de\/wgs-content\/uploads\/Plakat-2019-03-30-v6-WolkenMitSonne-50pct-728x1024.jpg 728w, https:\/\/www.walldorf-gospel-singers.de\/wgs-content\/uploads\/Plakat-2019-03-30-v6-WolkenMitSonne-50pct.jpg 1789w\" sizes=\"auto, (max-width: 213px) 100vw, 213px\" \/><\/a><\/p>\n<p>um 18:00 in der <a href=\"https:\/\/www.google.de\/maps\/place\/Kirchenstra%C3%9Fe+8,+67069+Ludwigshafen+am+Rhein\/@49.5205809,8.4035015,19z\/data=!3m1!4b1!4m5!3m4!1s0x4797cd3c93c97ea9:0x62492d5da7c621a4!8m2!3d49.52058!4d8.40405\">kath. Kirche St. Martin<\/a> in Ludwigshafen-Oppau<\/p>\n<p><strong>Songs<\/strong><\/p>\n<ul>\n<li>Amazing Grace (trad.)<\/li>\n<li>Come into his presence (Helmut Jost)<\/li>\n<li>Da ber\u00fchren sich Himmel und Erde (T: Thomas Laubach, M: Christoph Lehmann, Arr.: Bernhard Gr\u00f6ne)<\/li>\n<li>Carriers of the Light (Jerry Estes)<\/li>\n<li>We Believe (Lothar Kosse)<\/li>\n<li>Down in the river to pray (trad., Arr.: Bernhard Gr\u00f6ne)<\/li>\n<li>I will follow him (M: Franck Pourcel,Paul Mauriat, T: Jacques Plante, Arr.: Bernhard Gr\u00f6ne)<\/li>\n<li>Heilig, Heilig bist Du (Klaus Lohrb\u00e4cher, Arr.: Bernhard Gr\u00f6ne)<\/li>\n<li>At the Cross (Hillsong)<\/li>\n<li>My Sweet Lord (George Harrison, Arr.: Bernhard Gr\u00f6ne)<\/li>\n<li>Lean on me (Bill Withers, Arr.: Bernhard Gr\u00f6ne)<\/li>\n<li>Herr, wir bitten, komm und segne uns (Peter Strauch, Arr.: Bernhard Gr\u00f6ne)<\/li>\n<li>The Rose (Amanda McBroom, Arr.: Bernhard Gr\u00f6ne)<\/li>\n<li>People Get Ready (Curtis Mayfield, Arr.: Bernhard Gr\u00f6ne)<\/li>\n<li>I can see clearly now (Johnny Nash, Arr.: Bernhard Gr\u00f6ne)<\/li>\n<li>Mary did you know? (T: Mark Lowry, M: Buddy Greene, Arr.: Pentatonix, Bernhard Gr\u00f6ne)<\/li>\n<li>Nothing Else Matters (James Hetfield, Lars Ulrich, Arr.: Bernhard Gr\u00f6ne)<\/li>\n<li>Happy Birthday (trad., Arr.: Bernhard Gr\u00f6ne)<\/li>\n<li>Oh Happy Day (Edwin Hawkins)<\/li>\n<\/ul>\n<p><strong>Musiker<\/strong>: Anette Olsson (Piano), Werner Gabrisch (Bass), Torsten Bachmann (Schlagzeug), Stefan Resag (E-Gitarre), Felicitas Fischer von Weikersthal (Querf\u00f6te), Heiner Gehbauer (Saxophon), Bernhard Gr\u00f6ne (Leitung, akust. Gitarre)<\/p>\n<p><strong>Solisten<\/strong>: Anke Bastisch, Dirk Speder, Felicitas Fischer von Weikersthal, Katharina Fecht, Paula Ramos, Stefan Resag, Susanne Schott, Bernhard Gr\u00f6ne<\/p>\n<p><strong>Technik<\/strong>: Kilian Speder, Torsten Bachmann<\/p>\n<h3 id=\"A20190223\">23. Februar 2019 Musikalisches Abendgebet<\/h3>\n<p>um 18:30 in der kath. Kirche Walldorf<\/p>\n<p><strong>Songs<\/strong><\/p>\n<ul>\n<li>Masithi Amen (Stephan Cuthbert Molefe)<\/li>\n<li>Total Praise (Richard Smallwood)<\/li>\n<li>At the Cross (Hillsong)<\/li>\n<li>Down in the river to pray (trad., Arr.: Bernhard Gr\u00f6ne)<\/li>\n<li>Herr, wir bitten, komm und segne uns (Peter Strauch, Arr.: Bernhard Gr\u00f6ne)<\/li>\n<li>Happy Birthday (trad., Arr.: Bernhard Gr\u00f6ne)<\/li>\n<li>Come into his presence (Helmut Jost)<\/li>\n<li>Hallelujah (Leonhard Cohen, Arr.: Bernhard Gr\u00f6ne)<\/li>\n<\/ul>\n<p><strong>Musiker<\/strong>: Anette Olsson (Piano), Werner Gabrisch (Bass), Stefan Resag (E-Gitarre), Heiner Gehbauer (Saxophon), Bernhard Gr\u00f6ne (Leitung, akust. Gitarre)<\/p>\n<p><strong>Solisten<\/strong>: Felicitas Fischer von Weikersthal, Stefan Resag, Susanne Schott, Bernhard Gr\u00f6ne<\/p>\n<p><strong>Technik<\/strong>: Kilian Speder<\/p>\n","protected":false},"excerpt":{"rendered":"<p>26. Dezember 2019 Weihnachtsgottesdienst Um 18:00 in der evang. Stadtkirche Walldorf Songs Changed by a Baby Boy (Benjamin + Gloria Gaither, Arr.: Bernhard Gr\u00f6ne) Mary\u2019s Boy Child (Jester Hairston \/ Arr.: Bernhard Gr\u00f6ne) Jesus, oh what a wonderful child (trad., Arr.: Bernhard Gr\u00f6ne) Come on down to Bethlehem (T: John Parker, M: Joel Raney) Calypso &hellip; <a href=\"https:\/\/www.walldorf-gospel-singers.de\/index.php\/auftritte\/auftritte-2019\/\" class=\"more-link\"><span class=\"screen-reader-text\">Auftritte 2019<\/span> weiterlesen <span class=\"meta-nav\">&rarr;<\/span><\/a><\/p>\n","protected":false},"author":2,"featured_media":0,"parent":9,"menu_order":14,"comment_status":"closed","ping_status":"closed","template":"","meta":{"footnotes":""},"class_list":["post-832","page","type-page","status-publish","hentry"],"_links":{"self":[{"href":"https:\/\/www.walldorf-gospel-singers.de\/index.php\/wp-json\/wp\/v2\/pages\/832","targetHints":{"allow":["GET"]}}],"collection":[{"href":"https:\/\/www.walldorf-gospel-singers.de\/index.php\/wp-json\/wp\/v2\/pages"}],"about":[{"href":"https:\/\/www.walldorf-gospel-singers.de\/index.php\/wp-json\/wp\/v2\/types\/page"}],"author":[{"embeddable":true,"href":"https:\/\/www.walldorf-gospel-singers.de\/index.php\/wp-json\/wp\/v2\/users\/2"}],"replies":[{"embeddable":true,"href":"https:\/\/www.walldorf-gospel-singers.de\/index.php\/wp-json\/wp\/v2\/comments?post=832"}],"version-history":[{"count":25,"href":"https:\/\/www.walldorf-gospel-singers.de\/index.php\/wp-json\/wp\/v2\/pages\/832\/revisions"}],"predecessor-version":[{"id":928,"href":"https:\/\/www.walldorf-gospel-singers.de\/index.php\/wp-json\/wp\/v2\/pages\/832\/revisions\/928"}],"up":[{"embeddable":true,"href":"https:\/\/www.walldorf-gospel-singers.de\/index.php\/wp-json\/wp\/v2\/pages\/9"}],"wp:attachment":[{"href":"https:\/\/www.walldorf-gospel-singers.de\/index.php\/wp-json\/wp\/v2\/media?parent=832"}],"curies":[{"name":"wp","href":"https:\/\/api.w.org\/{rel}","templated":true}]}}